1579127?
9
What is the hundred thousands digit of 12662179?
6
What is the hundreds digit of 14838657?
6
What is the hundreds digit of 14515445?
4
What is the tens digit of 2291075?
7
What is the tens digit of 956096?
9
What is the thousands digit of 2859238?
9
What is the hundred thousands digit of 1006125?
0
What is the units digit of 626759?
9
What is the millions digit of 3049002?
3
What is the millions digit of 4187816?
4
What is the units digit of 811009?
9
What is the hundred thousands digit of 955545?
9
What is the millions digit of 19553711?
9
What is the hundreds digit of 300834?
8
What is the hundred thousands digit of 2858292?
8
What is the ten millions digit of 15266785?
1
What is the hundred thousands digit of 231156?
2
What is the tens digit of 181400?
0
What is the millions digit of 17431615?
7
What is the hundred thousands digit of 788311?
7
What is the hundreds digit of 932174?
1
What is the tens digit of 164499?
9
What is the thousands digit of 1286635?
6
What is the hundreds digit of 1287191?
1
What is the hundreds digit of 651985?
9
What is the hundred thousands digit of 29300098?
3
What is the ten thousands digit of 16673753?
7
What is the ten thousands digit of 704942?
0
What is the thousands digit of 962405?
2
What is the millions digit of 11939029?
1
What is the hundred thousands digit of 13753855?
7
What is the thousands digit of 769365?
9
What is the ten thousands digit of 698555?
9
What is the hundreds digit of 2790133?
1
What is the millions digit of 1909968?
1
What is the ten thousands digit of 5259655?
5
What is the hundreds digit of 36965731?
7
What is the units digit of 913364?
4
What is the hundred thousands digit of 153075?
1
What is the hundred thousands digit of 554700?
5
What is the hundreds digit of 48018?
0
What is the hundred thousands digit of 196638?
1
What is the units digit of 1422070?
0
What is the thousands digit of 5265747?
5
What is the tens digit of 17201254?
5
What is the hundreds digit of 312732?
7
What is the hundreds digit of 361026?
0
What is the hundreds digit of 1341281?
2
What is the units digit of 383882?
2
What is the units digit of 597868?
8
What is the hundred thousands digit of 237423?
2
What is the units digit of 5527?
7
What is the millions digit of 2501219?
2
What is the units digit of 967018?
8
What is the units digit of 1175427?
7
What is the units digit of 177571?
1
What is the thousands digit of 594042?
4
What is the tens digit of 5014334?
3
What is the tens digit of 149118?
1
What is the units digit of 97645?
5
What is the hundreds digit of 8077?
0
What is the hundred thousands digit of 143686?
1
What is the units digit of 12015940?
0
What is the hundred thousands digit of 3198003?
1
What is the units digit of 4709432?
2
What is the tens digit of 115688?
8
What is the millions digit of 11848728?
1
What is the tens digit of 39592386?
8
What is the hundreds digit of 4305480?
4
What is the thousands digit of 7101367?
1
What is the millions digit of 11616768?
1
What is the tens digit of 1226493?
9
What is the thousands digit of 1289064?
9
What is the hundred thousands digit of 21615712?
6
What is the units digit of 72431?
1
What is the ten thousands digit of 2402157?
0
What is the hundred thousands digit of 3679483?
6
What is the units digit of 137929?
9
What is the thousands digit of 1841380?
1
What is the tens digit of 517931?
3
What is the thousands digit of 321002?
1
What is the millions digit of 44495661?
4
What is the hundred thousands digit of 3299133?
2
What is the hundreds digit of 79781?
7
What is the units digit of 679785?
5
What is the ten thousands digit of 30004156?
0
What is the tens digit of 473849?
4
What is the thousands digit of 1488287?
8
What is the hundreds digit of 72923?
9
What is the thousands digit of 5874506?
4
What is the units digit of 802075?
5
What is the tens digit of 56829?
2
What is the ten thousands digit of 2327876?
2
What is the units digit of 852492?
2
What is the thousands digit of 30418900?
8
What is the millions digit of 7736412?
7
What is the thousands digit of 1678896?
8
What is the tens digit of 141239?
3
What is the thousands digit of 1934168?
4
What is the units digit of 4551967?
7
What is the tens digit of 9740027?
2
What is the units digit of 231252?
2
What is the millions digit of 1024203?
1
What is the hundreds digit of 34889?
8
What is the tens digit of 136007?
0
What is the hundred thousands digit of 1632278?
6
What is the hundreds digit of 329977?
9
What is the hundred thousands digit of 216335?
2
What is the ten millions digit of 14292567?
1
What is the thousands digit of 205492?
5
What is the hundred thousands digit of 2671435?
6
What is the ten thousands digit of 10022965?
2
What is the units digit of 482486?
6
What is the thousands digit of 1054629?
4
What is the units digit of 332145?
5
What is the hundred thousands digit of 736190?
7
What is the hundred thousands digit of 1388426?
3
What is the hundred thousands digit of 8991182?
9
What is the hundred thousands digit of 371382?
3
What is the ten millions digit of 12203054?
1
What is the hundreds digit of 693990?
9
What is the hundred thousands digit of 433822?
4
What is the millions digit of 5938291?
5
What is the units digit of 3548514?
4
What is the thousands digit of 975081?
5
What is the thousands digit of 5215454?
5
What is the hundred thousands digit of 2125151?
1
What is the millions digit of 13809078?
3
What is the tens digit of 19950558?
5
What is the millions digit of 7067619?
7
What is the millions digit of 3834552?
3
What is the hundreds digit of 5378402?
4
What is the millions digit of 1145464?
1
What is the hundreds digit of 144079?
0
What is the units digit of 340632?
2
What is the hundreds digit of 167787?
7
What is the millions digit of 6205653?
6
What is the thousands digit of 21555203?
5
What is the ten thousands digit of 5795262?
9
What is the hundreds digit of 7650008?
0
What is the hundreds digit of 96962?
9
What is the units digit of 202493?
3
What is the ten thousands digit of 553338?
5
What is the ten thousands digit of 2069982?
6
What is the units digit of 243621?
1
What is the hundred thousands digit of 7838834?
8
What is the hundreds digit of 10192401?
4
What is the tens digit of 1295454?
5
What is the units digit of 6606791?
1
What is the units digit of 1794968?
8
What is the ten thousands digit of 227354?
2
What is the units digit of 1593866?
6
What is the ten thousands digit of 3161942?
6
What is the millions digit of 1351827?
1
What is the tens digit of 25469333?
3
What is the hundreds digit of 270681?
6
What is the units digit of 1465951?
1
What is the hundred thousands digit of 598282?
5
What is the units digit of 618860?
0
What is the millions digit of 7368459?
7
What is the thousands digit of 1270980?
0
What is the ten thousands digit of 367663?
6
What is the hundreds digit of 165470?
4
What is the millions digit of 19433082?
9
What is the units digit of 7290698?
8
What is the hundred thousands digit of 184763?
1
What is the units digit of 204785?
5
What is the millions digit of 7803871?
7
What is the hundred thousands digit of 1104488?
1
What is the hundred thousands digit of 177153?
1
What is the tens digit of 7357097?
9
What is the hundred thousands digit of 862552?
8
What is the hundred thousands digit of 7531357?
5
What is the tens digit of 129413?
1
What is the ten thousands digit of 306315?
0
What is the units digit of 963751?
1
What is the ten thousands digit of 135115?
3
What is the units digit of 182005?
5
What is the thousands digit of 3741268?
1
What is the millions digit of 2071894?
2
What is the thousands digit of 23952340?
2
What is the thousands digit of 209027?
9
What is the ten thousands digit of 113345?
1
What is the hundred thousands digit of 1463214?
4
What is the hundreds digit of 341794?
7
What is the hundred thousands digit of 221173?
2
What is the hundred thousands digit of 12096536?
0
What is the units digit of 7273150?
0
What is the thousands digit of 334845?
4
What is the units digit of 620934?
4
What is the thousands digit of 342055?
2
What is the hundreds digit of 155453?
4
What is the thousands digit of 2795766?
5
What is the thousands digit of 127257?
7
What is the hundreds digit of 243405?
4
What i